et r = 134 + c. What is the highest common factor of 7 and r?
7
Suppose 4 = 2*h - 5*m, 5*h - 4*m + 3*m = 33. Suppose 4*c = h*c - 45. Calculate the highest common factor of c and 15.
15
Let l = 854 - 810. What is the highest common divisor of l and 2332?
44
Let n = 24 - 12. Suppose 0 = -5*c - 5*b + 690, 401*b - 396*b - 30 = 0. Calculate the greatest common divisor of n and c.
12
Let b = -11 + 6. Let p = 83 + -97. Let l = b - p. What is the greatest common divisor of l and 6?
3
Let b = 320 + -297. What is the greatest common divisor of 184 and b?
23
Let p = 1306 + -698. Calculate the highest common divisor of p and 32.
32
Let p = -8 + 8. Suppose 0 = n + 4*n, 5*g + 2*n + 15 = p. Let t be 0 + g*(-33)/9. Calculate the highest common factor of t and 99.
11
Suppose 0 = 4*g - 5 - 15. Let t(o) be the first derivative of -3*o**2/2 - 3*o - 3. Let u be t(-6). What is the highest common divisor of g and u?
5
Let p = 2004 + -1311. What is the greatest common factor of 396 and p?
99
Let b be -10*(28/(-8) - -3). Let n(a) = -a + 15. Let q be n(10). Calculate the greatest common factor of b and q.
5
Suppose -i - 2*a + 3 = 0, a = 3*a + 2. Suppose -i*s = -5*f - 747 - 138, -2*s + 351 = -3*f. Calculate the highest common divisor of s and 20.
20
Let s be 0 + 2 + 285/5. Let r = 90 - s. Calculate the highest common factor of r and 62.
31
Let g = 55 + -45. Let b(j) = 8*j + 12. Let m be b(g). Calculate the highest common factor of 23 and m.
23
Let j = 1415 - 1173. What is the greatest common divisor of 99 and j?
11
Suppose -34*t + 29*t + 160 = 0. Let i = 256 - 176. Calculate the greatest common divisor of i and t.
16
Let x be 5 + -4 - 8 - -1280. Calculate the highest common factor of 67 and x.
67
Suppose 0 = -c - 5*o + 2*o - 11, c = o + 5. Let x be ((-5)/(-2))/(6/12*c). Let q(b) = 20*b. Let d be q(2). What is the greatest common factor of x and d?
5
Let s be 18 + (5/(-5) - (0 - 4)). Calculate the greatest common factor of 798 and s.
21
Suppose -8*i - 70 = 474. Let y be (8/44 + i/(-110))*250. Calculate the highest common divisor of y and 50.
50
Let a be (-19 + 51/85)*(-10)/4. Calculate the greatest common factor of 989 and a.
23
Let i(z) = -z**3 - 4*z**2 + 4*z + 2. Let d be i(-4). Let v = 26 + d. Suppose 6*x + 36 = 8*x. Calculate the highest common divisor of v and x.
6
Let v be (-3)/1*1 + 0 + 3. Suppose 2*w + 2 + 0 = v, -w - 63 = -2*k. Calculate the greatest common divisor of 248 and k.
31
Suppose 24 = 10*c - 4*c. Suppose 60 = 2*h + c. What is the highest common divisor of h and 7?
7
Let s(i) = -8*i. Suppose g - 11 = 4*q, -2*q - 6 + 18 = -4*g. Let c be s(q). Calculate the greatest common divisor of c and 80.
16
Let h(y) = 65*y - 1. Let r be h(1). Suppose -2*d + 68 + r = 0. Calculate the greatest common divisor of 22 and d.
22
Suppose -4*p - 3*d + 159 = 0, 2*p - 4*d - 52 = 22. Suppose -2*l = 4*w - 44, -w + 14 = 5*l - 114. What is the highest common factor of p and l?
13
Suppose -673*z - 231 = -680*z. What is the greatest common factor of z and 253?
11
Suppose -2*r - 32 = -3*r. Let d = -8 + r. Calculate the highest common divisor of d and 12.
12
Let n = 27 - 30. Let r = n - -59. What is the greatest common divisor of r and 84?
28
Let g(f) = -12*f**2 - f**3 + 30 + 9*f - 8 - 9 - 9. Let y be g(-13). Calculate the highest common factor of 8 and y.
8
Let l be (-249)/(-4) - (-135)/(-60). What is the greatest common divisor of 1980 and l?
60
Suppose 8 = 2*l, 2*y + 3*y - l - 36 = 0. Suppose -3 + 9 = 2*r. Suppose 105 = r*w + 3*x, 4*w - x = -2*x + 131. Calculate the highest common factor of w and y.
8
Let h be -3 + 0 + 2*18/2. Suppose 13*f = h*f - 16. What is the greatest common factor of 8 and f?
8
Suppose -2*o = -3*p - 54, -4*o + 5*p + 84 = -26. What is the highest common divisor of 9 and o?
3
Suppose -102 = -4*m - 4*s - 22, 0 = m - 4*s. Let u = 41 - 41. Suppose -4*p + 2*h + 17 + 9 = u, -p - 7 = -5*h. What is the highest common factor of p and m?
8
Suppose -18*b + 1306 = 118. Let z = -10 + 25. Suppose -3 - z = -3*u. Calculate the highest common factor of u and b.
6
Let x be ((-154)/8)/(4/32*-2). Suppose 83 = 8*j - x. What is the highest common divisor of j and 4?
4
Let z(x) = 58*x**2 - 4*x + 2. Let k be z(1). What is the highest common divisor of 21 and k?
7
Let y = -25 - -28. Suppose -3*f = -n + 18, -y*f - 42 = 2*n - 4*n. Suppose x - 5*c + n = 0, -5*x + 5 + 5 = c. Calculate the greatest common divisor of x and 9.
1
Let f be (-234)/(((-6)/(-7))/(36/(-63))). Calculate the highest common divisor of f and 12.
12
Let d(u) = 16*u - 76. Let m be d(7). Let z be (-1792)/(-20) + 4/10. What is the highest common divisor of z and m?
18
Suppose -2 = 3*k + 1. Let p(h) = -21*h**3 - 2*h**2 - 3*h - 2. Let a be p(k). What is the greatest common divisor of 20 and a?
20
Let q = 539 + -491. Suppose -i - 480 = -5*i. What is the highest common divisor of i and q?
24
Let j(d) = -5 + 5*d**2 + 0 + 5 + 7. Let v be j(3). Let t(n) = -n + 4. Let m be t(-9). Calculate the greatest common factor of m and v.
13
Let v(u) = -2*u**2 + 10*u + 7. Let k be v(5). Suppose -r + k*r = 0. Suppose r*s + 125 = 5*s. What is the greatest common divisor of s and 275?
25
Let h(u) = -u**3 + 14*u**2 + 14*u + 21. Let v be h(15). Suppose -y = -3*j - 75 + 270, -y + 201 = 3*j. Calculate the highest common divisor of v and j.
6
Suppose -38*y + 29*y + 171 = 0. Let d be 2/7 + (-1320)/(-35). What is the highest common divisor of d and y?
19
Let o be (-2 - -28)*(-1 + 0)*-3. Calculate the greatest common divisor of 351 and o.
39
Suppose -9*v - 2*u = -5*v + 2, 4*u - 9 = 5*v. Let k be (-1)/(14/(-12) + 1). Let o = k - v. What is the highest common divisor of o and 56?
7
Let n(t) = 30*t + 6. Let y be n(15). What is the greatest common factor of y and 171?
57
Let w = -101 - 74. Suppose -258 - 154 = 4*n. Let z = n - w. Calculate the highest common divisor of z and 9.
9
Let l be -3 - 0 - (-8 - (2 - 6)). Calculate the greatest common factor of l and 47.
1
Let j be (-1)/(((-28)/8)/7). Suppose -272 = -j*f - 6*f. Calculate the greatest common divisor of f and 51.
17
Suppose 23*x - 18*x + 5 = 0. Let a be 1/(x - 2 - 112/(-37)). Let m be 2*3/(-6) + 186. What is the greatest common factor of m and a?
37
Suppose 2*y + 32 = 5*f - f, 0 = -3*f + 4*y + 24. Suppose q - 4*l - 33 = 27, 2*l = q - 50. What is the highest common divisor of f and q?
8
Suppose 3*y - 181 = -t, 0 = -t + y + 3*y + 188. What is the greatest common divisor of t and 16?
8
Suppose 5*y - 4*y - 41 = 0. Calculate the highest common divisor of 41 and y.
41
Suppose -3*k + 5*a + 3 = -41, -95 = -5*k + 4*a. Suppose -20*h = -k*h + 18. What is the highest common factor of h and 6?
6
Let r be (-4)/16 + 21/4. Suppose l = -4*f - 76, -r*f + 2*l - 102 = 5*l. Let d = 33 + f. What is the highest common divisor of 105 and d?
15
Let q be (-1728)/135*(-1325)/10. What is the highest common divisor of q and 106?
106
Suppose 10301 = 7*p + 662. Calculate the greatest common divisor of p and 81.
81
Suppose -6*z - 2*a - 25 = -7*z, -2*z = -a - 38. What is the greatest common factor of 136 and z?
17
Suppose 8*n = 3*n - 435. Let i = 167 + n. Let l = 20 + 0. What is the greatest common divisor of l and i?
20
Let a(b) = -3*b - 9. Let u be a(-9). Let l = -16 + u. Suppose -2*x = -l*y + x + 123, x + 5 = 0. Calculate the highest common factor of y and 18.
18
Suppose 2*y - 111 = 1205. What is the highest common factor of 70 and y?
14
Let w = 63 + -58. Suppose w*o - o - 5*q = 40, 0 = 3*o + q - 49. Calculate the greatest common divisor of 6 and o.
3
Let r be ((-788)/(-1))/(-2)*9/(-18). Suppose r*g - 196*g = 154. What is the highest common divisor of g and 14?
14
Let v be 349/1 + 9 + -6. Let n(u) = -u**2 + 17*u - 45. Let i be n(13). Suppose v + 110 = i*q. Calculate the greatest common divisor of q and 44.
22
Let d(u) be the first derivative of u**4/4 + 2*u**3 + 2*u**2 + 2*u + 7. Let p be d(-2). What is the greatest common divisor of p and 10?
10
Suppose -31555 = -69*g + 76982. Calculate the highest common divisor of g and 13.
13
Suppose 15*j - 16*j + 16 = 0. Let i(f) = -f**2 + 16*f + 2. Let q be i(j). Let g = 15 + 3. Calculate the greatest common factor of q and g.
2
Let n = -2273 + 2297. Calculate the greatest common factor of n and 768.
24
Suppose 0 = l - 32 - 7. Let q(i) = -9*i + 12. Let g be q(-3). What is the greatest 